 digit of i?
1
Suppose 3*m = 2*v + 17062, m + 80*v - 82*v - 5682 = 0. What is the tens digit of m?
9
What is the units digit of ((-4)/(-6) - (-5)/15)*17187?
7
Let s be (-5)/(3 - (-20)/(-6)). Suppose -114 = 9*n - s*n. Suppose -i + 2220 = n*i. What is the tens digit of i?
1
Suppose 4*t + 28 = 2*t. Let y be (504/(-49))/(2/t). Let i = y - -9. What is the units digit of i?
1
Suppose -1 - 8 = -3*h. Suppose -h*s + 5*s - 160 = -5*z, 5*s = -3*z + 115. Suppose 0 = d + 2*q + 2*q - 10, 4*q + z = 3*d. What is the tens digit of d?
1
Let r = -54 - -57. Suppose -o = 3*a - 1664, a - r*o = -a + 1124. What is the units digit of a?
6
Let q = 5994 - 638. What is the units digit of q?
6
Let x be (28/(-4) - -79)/((-6)/8). What is the tens digit of -6*(-16)/(-36)*x?
5
Suppose 6*r = 795 + 3327. Let v = r + -603. What is the units digit of v?
4
Let s be 26 - 25 - (2/(-2) - 1). Suppose s*t = -5*t + 24. Suppose -45 = 2*n - t*n - 2*q, -2*q - 200 = -4*n. What is the tens digit of n?
4
Suppose 2*t = -4*p + 6370, 0 = -3*t + 2*p + 8325 + 1198. What is the tens digit of t?
7
Let o(q) be the first derivative of q**2/2 + 3*q + 25. Let j be o(0). Suppose -69 - 69 = -j*m. What is the units digit of m?
6
Let l = -948 - -663. Suppose 3*k = 3*q + 525, 112 - 808 = 4*q - 3*k. Let g = q - l. What is the tens digit of g?
1
Suppose 0 = 4*y + 2*z - 1044, -z + 425 = 3*y - 357. Suppose 4*f - y - 248 = 0. What is the hundreds digit of f?
1
Suppose -c = 8*c - 7056. Suppose -4*t = 2*m - 7*t - c, -m = -5*t - 406. What is the units digit of m?
6
Let m be (1/(-2))/((-7)/(-70)). Let k(b) = b**3 + 7*b**2 + 5*b - 4. Let o be k(m). Suppose d + 3*s - o = -0*d, 0 = 3*s + 3. What is the tens digit of d?
2
Let t(m) = 105*m**2 - 29*m + 96. Suppose 0 = 50*w - 74 - 126. What is the units digit of t(w)?
0
Suppose 13*q + 8*q = 6678. Let u = 454 - q. What is the hundreds digit of u?
1
Let t(u) = 9757*u + 16. What is the thousands digit of t(1)?
9
Let l(t) = 118*t**2 + 25*t - 1. Suppose -3*v - 18 = 7*d - 3*d, -5*v - 22 = 4*d. What is the hundreds digit of l(v)?
4
What is the units digit of 2/6 + (-1259654)/(-66)?
6
Suppose 41*z - 112 = 39*z. Let p = 80 - z. What is the tens digit of (870/p)/(3/12)?
4
Let p(r) = -3*r**3 - 110*r**2 + 13*r + 1. What is the units digit of p(-40)?
1
Suppose 248*u - 250*u = -5*r + 74370, -3*u = 0. What is the hundreds digit of r?
8
What is the thousands digit of ((4525344/40)/(-18))/(108/(-20) - -5)?
5
Let l(f) = 29*f**2 + 21*f + 66. Let p be l(-6). Let n = p - 662. What is the hundreds digit of n?
3
What is the thousands digit of (-4)/(2/2234*((-52)/8 - -6))?
8
What is the hundreds digit of ((-45)/(-6))/(288/423408) - 3/(-4)?
0
What is the ten thousands digit of (1538550/6)/5 + 8?
5
Suppose -r + 2*a = -1190, a + 827 = r - 368. Suppose -1793 = -3*m - 4*p, 6*m = 4*m - 5*p + r. What is the units digit of m?
5
Let q be (21/15 - 1) + 38436/60. Let a = -447 + q. What is the hundreds digit of a?
1
Let d be 3/(-9)*(-3 + 9). What is the hundreds digit of (d - 60/(-28)) + 1434/7?
2
Let x = -142 + 144. Suppose -3*k - 441 = -7*p + 3*p, 213 = x*p - 3*k. What is the tens digit of p?
1
Suppose 4*f + m - 10705 = 0, 2*f - 2*m = 4540 + 810. What is the hundreds digit of f?
6
Let i(l) be the third derivative of 7*l**4/24 - 35*l**3/6 + 6533*l**2. Let s(a) = a**3 + 5*a**2 + 3*a - 1. Let g be s(-3). What is the units digit of i(g)?
1
Let o = 217 - 475. Let i be 3 - 0 - 0 - o. Suppose 4*h + 150 = 2*p, 0 = -0*p + 3*p + 3*h - i. What is the units digit of p?
3
Let i(g) = g**2 + g - 6. Let q be i(2). Suppose q = -2*f + 10 - 2. Suppose 0 = -f*w, 0*x + w - 44 = -x. What is the tens digit of x?
4
Suppose 374 = 3*l - 2*v, -5*v - 231 = -5*l + 3*l. Suppose -2*i = -522 - l. What is the units digit of i?
5
Let c(i) = i**3 - 131*i**2 + 392*i + 382. What is the units digit of c(128)?
6
Suppose d - 487 = q, -q = 3*d - 6*d + 1471. Let p = 116 + d. What is the tens digit of p?
0
Suppose -l = -1, -5*y + 63 = -10*y + 3*l. What is the hundreds digit of (17364/(-16))/(-3) + 9/y?
3
Let r(n) = -6*n - 6. Let k(c) = 4*c**2 - 3*c + 5. Let x be k(2). Let p be (63/(-6))/(x/20). What is the units digit of r(p)?
8
Let c(f) = -f + 73. Let z(j) = 29*j**2 - 7*j. Let w be z(1). What is the units digit of c(w)?
1
Let x = -44 + 46. Suppose -4*k + w = x*w + 38, 2*w = -4. Let b(i) = -27*i + 35. What is the tens digit of b(k)?
7
Let m be (-40)/7 - (-8)/(-28). What is the tens digit of (15/(-1))/(m/416)?
4
Let g(k) = k**3 + 76*k**2 - 73*k - 784. What is the units digit of g(-61)?
4
Let b = 12891 + -8003. What is the hundreds digit of b?
8
Let a(n) = 7*n**3 + 4*n**2 - 1. Suppose -3 = 6*y - 3*y. Let q be a(y). What is the units digit of (-30)/35*(q - 52)?
8
What is the ten thousands digit of (11135805/45)/19 + (-2)/(-3)?
1
What is the tens digit of (148184/(-7))/(-4) - -7*(-26)/637?
9
Let b = 767 + -393. Suppose 7*y - b = -45. What is the tens digit of y?
4
Let q = 14472 - 12733. What is the units digit of q?
9
Suppose 4*n = 4*y - 4, 5*y - 7 = 24*n - 20*n. Let i(a) = a**2 - 5*a - 5. Let s be i(7). Suppose s*v = y*v + 528. What is the units digit of v?
8
Suppose 4*i - 506 = 2*y, -13*y = -4*i - 10*y + 509. Let l = i - 101. Let b = l + 30. What is the units digit of b?
4
Suppose 3*x + 17 = 20, -9*x + 74029 = 5*c. What is the units digit of c?
4
Suppose 35*y - 21736 = 22*y. Suppose -3*q = -5*x - 1648, -x = 3*q - 0*q - y. What is the tens digit of q?
5
Let b(j) be the first derivative of j**4/4 - 29*j**3/3 + 37*j**2/2 - 42*j + 29. What is the tens digit of b(28)?
1
Let u(q) = q**2 - 2*q - 1. Let l(n) = -23*n**2 - 4*n + 13. Let m(d) = -l(d) + 2*u(d). What is the hundreds digit of m(-8)?
5
Suppose 10 + 62 = 3*q. Suppose -7*m + q*m - 2635 = 0. What is the units digit of m?
5
Suppose 85430 = 22*r - 4*r - 8*r. What is the tens digit of r?
4
Let p = -82 - -181. What is the units digit of 12749/p - 4/(-18)?
9
What is the units digit of (1480/48)/((-44)/(-8184))?
5
Suppose 4*z = -12, -5*z + 16563 = a - z. What is the ten thousands digit of a?
1
Suppose 0 = d - 2*z - 19 - 16, 227 = 5*d + 3*z. Suppose -34*x + d*x = 2502. What is the units digit of x?
8
Suppose 3*r + r + 6376 = 5*h, -4*h = 2*r - 5080. Let a = h - 635. What is the hundreds digit of a?
6
Let g = 12 + -10. Let w be (4 - 3)/(69/35 - g). Let p = w + 173. What is the units digit of p?
8
Let m = 41 + -41. Suppose m = -5*c + 87 + 13. Let f = 12 + c. What is the tens digit of f?
3
Suppose -3*f = 4*n - 15006, -5*f = -494*n + 489*n - 24940. What is the thousands digit of f?
4
Suppose 4*w = -p + 3*p - 922, 0 = 5*w. Let t = p + -91. What is the tens digit of t?
7
Let a(x) = 15*x**2 - 1358*x - 211. What is the tens digit of a(100)?
8
Let r be 23 - (9 + -5 - 1). Suppose r*s = 21*s - 149. Suppose -19*h - s = -20*h. What is the tens digit of h?
4
Suppose 3*p = 3*v - 2*p - 73, 0 = v + 3*p - 1. Suppose v*t = -0*t + 16. What is the hundreds digit of t + 158 - (-7 + 3)?
1
Suppose 68 = 4*b - 4*s, 0 = 5*b - 4*s - 14 - 69. Let a be (6 - 1)*9/b. Suppose -4*o + 56 = -3*o - a*c, 3*o + 5*c = 98. What is the tens digit of o?
4
Let i(r) = -3*r**2 - 2*r - 2. Let t(d) = -4*d**2 - d - 2. Let v(b) = -3*i(b) + 2*t(b). Let s be v(3). Let c = 24 + s. What is the units digit of c?
7
Let v(m) = m - 5. Let i be v(12). What is the hundreds digit of 391 - (-4 + (i - 2))?
3
Suppose -610*z + 612*z - 40108 = -3*n, 5*n = 4*z - 80282. What is the units digit of z?
3
Let d = -27 - -57. Let o be (36/d)/(0 - 9/(-60)). What is the hundreds digit of 9*((-24)/(-14))/(o/56)?
1
Let j(b) = 38836*b - 47. Let t be j(2). Suppose -27260 = 35*y - t. What is the thousands digit of y?
1
Let k = 253 + -257. Let n(g) = -10*g**3 - 8*g**2 - 20*g - 29. What is the hundreds digit of n(k)?
5
Let l(p) = 4*p**2 - 79*p - 322. What is the thousands digit of l(-44)?
0
Suppose -34*p + 138930 = -58304. What is the units digit of p?
1
Let n(z) = 442*z**2 + 4*z + 10. What is the hundreds digit of n(-2)?
7
Suppose 2*t + 5*c - 15 = 0, t - c = 2*t. What is the units digit of 76/(t - (-1242)/246)?
8
Let s(b) = 7*b**2 - 80*b - 146. What is the thousands digit of s(-38)?
3
Let p = 3 - 8. Let z be (p/(-2))/(70/56). Suppose 100 = -z*y + 362. What is the tens digit of y?
3
Suppose 40*g - 37*g - i = 13872, 0 = -3*i - 9. What is the thousands digit of g?
4
Let c(z) = -z**3 + 4*z